{"id":22264,"date":"2020-05-06T08:12:38","date_gmt":"2020-05-06T13:12:38","guid":{"rendered":"https:\/\/rochesterapps.com\/rochestereduco?page_id=22264"},"modified":"2021-06-13T12:39:19","modified_gmt":"2021-06-13T17:39:19","slug":"soporte","status":"publish","type":"page","link":"https:\/\/rochesterapps.com\/rochestereduco\/soporte\/","title":{"rendered":"Soporte"},"content":{"rendered":"<p>[vc_row][vc_column][vc_row_inner][vc_column_inner width=&#8221;1\/3&#8243;][vc_single_image image=&#8221;22267&#8243; img_size=&#8221;full&#8221; alignment=&#8221;center&#8221;][\/vc_column_inner][vc_column_inner width=&#8221;2\/3&#8243;]<div id=\"1588771076186-5a53893a-b624\" class=\"dt-sc-empty-space\"><\/div>[vc_custom_heading text=&#8221;Apreciados Padres, Estudiantes y Colaboradores:&#8221; font_container=&#8221;tag:p|font_size:18px|text_align:left|color:%23212c5d|line_height:21px&#8221; google_fonts=&#8221;font_family:Roboto%3A100%2C100italic%2C300%2C300italic%2Cregular%2Citalic%2C500%2C500italic%2C700%2C700italic%2C900%2C900italic|font_style:500%20bold%20regular%3A500%3Anormal&#8221;]<div id=\"1588771096910-efa69508-64aa\" class=\"dt-sc-empty-space\"><\/div>[vc_custom_heading text=&#8221;Nuestro objetivo es ayudarle a resolver las diferentes solicitudes y dudas t\u00e9cnicas acerca del proceso de matr\u00edcula para el a\u00f1o escolar 2021-2022.&#8221; font_container=&#8221;tag:p|font_size:18px|text_align:left|color:%23212c5d|line_height:21px&#8221; google_fonts=&#8221;font_family:Roboto%3A100%2C100italic%2C300%2C300italic%2Cregular%2Citalic%2C500%2C500italic%2C700%2C700italic%2C900%2C900italic|font_style:400%20regular%3A400%3Anormal&#8221;]<div id=\"1588771065823-22d2c90e-d32e\" class=\"dt-sc-empty-space\"><\/div>[vc_custom_heading text=&#8221;A continuaci\u00f3n podr\u00e1 escribirnos a trav\u00e9s de nuestra plataforma <b>Fresh Desk Support de Lunes a Viernes de 7:00 a.m. a 4:00 p.m.<\/b>&#8221; font_container=&#8221;tag:p|font_size:18px|text_align:left|color:%23212c5d|line_height:21px&#8221; google_fonts=&#8221;font_family:Roboto%3A100%2C100italic%2C300%2C300italic%2Cregular%2Citalic%2C500%2C500italic%2C700%2C700italic%2C900%2C900italic|font_style:400%20regular%3A400%3Anormal&#8221;]<div id=\"1588771078801-749fa81b-f33f\" class=\"dt-sc-empty-space\"><\/div>[vc_custom_heading text=&#8221;Haga clic en <b>el bot\u00f3n azul ubicado en esta p\u00e1gina en la parte inferior izquierda<\/b> para iniciar un chat en tiempo real con uno de nuestros agentes de soporte.&#8221; font_container=&#8221;tag:p|font_size:18px|text_align:left|color:%23212c5d|line_height:21px&#8221; google_fonts=&#8221;font_family:Roboto%3A100%2C100italic%2C300%2C300italic%2Cregular%2Citalic%2C500%2C500italic%2C700%2C700italic%2C900%2C900italic|font_style:400%20regular%3A400%3Anormal&#8221;][\/vc_column_inner][\/vc_row_inner][\/vc_column][\/vc_row][vc_row][vc_column][vc_row_inner][vc_column_inner][vc_custom_heading text=&#8221;Cualquiera que sea el reto que nos imponga el avance de la situaci\u00f3n, actuaremos para garantizar el servicio de la comunidad, a quienes debemos servicios de calidad.&#8221; font_container=&#8221;tag:p|font_size:18px|text_align:left|color:%23212c5d|line_height:21px&#8221; google_fonts=&#8221;font_family:Roboto%3A100%2C100italic%2C300%2C300italic%2Cregular%2Citalic%2C500%2C500italic%2C700%2C700italic%2C900%2C900italic|font_style:400%20regular%3A400%3Anormal&#8221;]<div id=\"1588772092108-18c0db47-8334\" class=\"dt-sc-empty-space\"><\/div>[vc_custom_heading text=&#8221;Direcci\u00f3n de Servicios Tecnol\u00f3gicos&#8221; font_container=&#8221;tag:p|font_size:18px|text_align:left|color:%23212c5d|line_height:21px&#8221; google_fonts=&#8221;font_family:Roboto%3A100%2C100italic%2C300%2C300italic%2Cregular%2Citalic%2C500%2C500italic%2C700%2C700italic%2C900%2C900italic|font_style:400%20regular%3A400%3Anormal&#8221;][\/vc_column_inner][\/vc_row_inner][\/vc_column][\/vc_row][vc_row][vc_column][vc_raw_html]JTNDc2NyaXB0JTNFJTBBJTIwJTIwZnVuY3Rpb24lMjBpbml0RnJlc2hDaGF0JTI4JTI5JTIwJTdCJTBBJTIwJTIwJTIwJTIwd2luZG93LmZjV2lkZ2V0LmluaXQlMjglN0IlMEElMjAlMjAlMjAlMjAlMjAlMjB0b2tlbiUzQSUyMCUyMmE5ZWFkMTc2LWVhMWQtNDY3MS05ODQ3LTBkMGIxYjhjMjE0NiUyMiUyQyUwQSUyMCUyMCUyMCUyMCUyMCUyMGhvc3QlM0ElMjAlMjJodHRwcyUzQSUyRiUyRndjaGF0LmZyZXNoY2hhdC5jb20lMjIlMEElMjAlMjAlMjAlMjAlN0QlMjklM0IlMEElMjAlMjAlN0QlMEElMjAlMjBmdW5jdGlvbiUyMGluaXRpYWxpemUlMjhpJTJDdCUyOSU3QnZhciUyMGUlM0JpLmdldEVsZW1lbnRCeUlkJTI4dCUyOSUzRmluaXRGcmVzaENoYXQlMjglMjklM0ElMjglMjhlJTNEaS5jcmVhdGVFbGVtZW50JTI4JTIyc2NyaXB0JTIyJTI5JTI5LmlkJTNEdCUyQ2UuYXN5bmMlM0QlMjEwJTJDZS5zcmMlM0QlMjJodHRwcyUzQSUyRiUyRndjaGF0LmZyZXNoY2hhdC5jb20lMkZqcyUyRndpZGdldC5qcyUyMiUyQ2Uub25sb2FkJTNEaW5pdEZyZXNoQ2hhdCUyQ2kuaGVhZC5hcHBlbmRDaGlsZCUyOGUlMjklMjklN0RmdW5jdGlvbiUyMGluaXRpYXRlQ2FsbCUyOCUyOSU3QmluaXRpYWxpemUlMjhkb2N1bWVudCUyQyUyMkZyZXNoY2hhdC1qcy1zZGslMjIlMjklN0R3aW5kb3cuYWRkRXZlbnRMaXN0ZW5lciUzRndpbmRvdy5hZGRFdmVudExpc3RlbmVyJTI4JTIybG9hZCUyMiUyQ2luaXRpYXRlQ2FsbCUyQyUyMTElMjklM0F3aW5kb3cuYXR0YWNoRXZlbnQlMjglMjJsb2FkJTIyJTJDaW5pdGlhdGVDYWxsJTJDJTIxMSUyOSUzQiUwQSUzQyUyRnNjcmlwdCUzRQ==[\/vc_raw_html][\/vc_column][\/vc_row][vc_row bg_type=&#8221;image&#8221; parallax_style=&#8221;vcpb-default&#8221; bg_image_new=&#8221;id^21479|url^https:\/\/rochesterapps.com\/rochestereduco\/wp-content\/uploads\/2020\/04\/footer45.png|caption^null|alt^null|title^footer45|description^null&#8221; bg_override=&#8221;ex-full&#8221;][vc_column][vc_row_inner css=&#8221;.vc_custom_1587678670656{padding-top: 100px !important;padding-bottom: 180px !important;}&#8221;][vc_column_inner width=&#8221;1\/4&#8243;][vc_custom_heading text=&#8221;Ubicaci\u00f3n<br \/>\nAutopista Norte Km 15<br \/>\nVereda Fusca<br \/>\nCh\u00eda, Cundinamarca<br \/>\nColombia 250008&#8243; font_container=&#8221;tag:p|font_size:16px|text_align:left|color:%23000000|line_height:1.2&#8243; google_fonts=&#8221;font_family:Roboto%3A100%2C100italic%2C300%2C300italic%2Cregular%2Citalic%2C500%2C500italic%2C700%2C700italic%2C900%2C900italic|font_style:500%20bold%20regular%3A500%3Anormal&#8221;][\/vc_column_inner][vc_column_inner width=&#8221;1\/4&#8243;][vc_custom_heading text=&#8221;Cont\u00e1ctanos<br \/>\nadmisiones@rochesterapps.com\/rochestereduco<br \/>\nPBX: 749-6000 Ext. 2222 \u00f3 2200<br \/>\nCel: +57 (321)3714394&#8243; font_container=&#8221;tag:p|font_size:16px|text_align:left|color:%23000000|line_height:1.2&#8243; google_fonts=&#8221;font_family:Roboto%3A100%2C100italic%2C300%2C300italic%2Cregular%2Citalic%2C500%2C500italic%2C700%2C700italic%2C900%2C900italic|font_style:500%20bold%20regular%3A500%3Anormal&#8221;][\/vc_column_inner][vc_column_inner width=&#8221;1\/4&#8243;][\/vc_column_inner][vc_column_inner width=&#8221;1\/4&#8243;][vc_custom_heading text=&#8221;PROTECCI\u00d3N DE DATOS&#8221; font_container=&#8221;tag:p|font_size:15px|text_align:center|color:%23000000|line_height:0.1&#8243; google_fonts=&#8221;font_family:Roboto%3A100%2C100italic%2C300%2C300italic%2Cregular%2Citalic%2C500%2C500italic%2C700%2C700italic%2C900%2C900italic|font_style:500%20bold%20regular%3A500%3Anormal&#8221;]<div id=\"1588772199268-82e172e4-0b1d\" class=\"dt-sc-empty-space\"><\/div>[vc_separator color=&#8221;custom&#8221; border_width=&#8221;2&#8243; accent_color=&#8221;#000000&#8243; css=&#8221;.vc_custom_1586388887848{padding-bottom: 1px !important;}&#8221;][\/vc_column_inner][\/vc_row_inner][\/vc_column][\/vc_row]<\/p>\n","protected":false},"excerpt":{"rendered":"<p>[vc_row][vc_column][vc_row_inner][vc_column_inner width=&#8221;1\/3&#8243;][vc_single_image image=&#8221;22267&#8243; img_size=&#8221;full&#8221; alignment=&#8221;center&#8221;][\/vc_column_inner][vc_column_inner width=&#8221;2\/3&#8243;][vc_custom_heading text=&#8221;Apreciados Padres, Estudiantes y Colaboradores:&#8221; font_container=&#8221;tag:p|font_size:18px|text_align:left|color:%23212c5d|line_height:21px&#8221; google_fonts=&#8221;font_family:Roboto%3A100%2C100italic%2C300%2C300italic%2Cregular%2Citalic%2C500%2C500italic%2C700%2C700italic%2C900%2C900italic|font_style:500%20bold%20regular%3A500%3Anormal&#8221;][vc_custom_heading text=&#8221;Nuestro objetivo es ayudarle a resolver las diferentes solicitudes y dudas t\u00e9cnicas acerca del proceso de matr\u00edcula para el a\u00f1o escolar 2021-2022.&#8221; font_container=&#8221;tag:p|font_size:18px|text_align:left|color:%23212c5d|line_height:21px&#8221; google_fonts=&#8221;font_family:Roboto%3A100%2C100italic%2C300%2C300italic%2Cregular%2Citalic%2C500%2C500italic%2C700%2C700italic%2C900%2C900italic|font_style:400%20regular%3A400%3Anormal&#8221;][vc_custom_heading text=&#8221;A continuaci\u00f3n podr\u00e1 escribirnos a trav\u00e9s de nuestra plataforma Fresh Desk Support de Lunes a Viernes de 7:00 [&hellip;]<\/p>\n","protected":false},"author":4,"featured_media":0,"parent":0,"menu_order":0,"comment_status":"closed","ping_status":"closed","template":"","meta":[],"yoast_head":"<!-- This site is optimized with the Yoast SEO plugin v14.9 - https:\/\/yoast.com\/wordpress\/plugins\/seo\/ -->\n<title>Soporte - Colegio Biling\u00fce Rochester | Calendario B Bogot\u00e1 - Ch\u00eda mixto<\/title>\n<meta name=\"robots\" content=\"noindex, follow, max-snippet:-1, max-image-preview:large, max-video-preview:-1\" \/>\n<meta property=\"og:locale\" content=\"es_ES\" \/>\n<meta property=\"og:type\" content=\"article\" \/>\n<meta property=\"og:title\" content=\"Soporte - Colegio Biling\u00fce Rochester | Calendario B Bogot\u00e1 - Ch\u00eda mixto\" \/>\n<meta property=\"og:description\" content=\"[vc_row][vc_column][vc_row_inner][vc_column_inner width=&#8221;1\/3&#8243;][vc_single_image image=&#8221;22267&#8243; img_size=&#8221;full&#8221; alignment=&#8221;center&#8221;][\/vc_column_inner][vc_column_inner width=&#8221;2\/3&#8243;][vc_custom_heading text=&#8221;Apreciados Padres, Estudiantes y Colaboradores:&#8221; font_container=&#8221;tag:p|font_size:18px|text_align:left|color:%23212c5d|line_height:21px&#8221; google_fonts=&#8221;font_family:Roboto%3A100%2C100italic%2C300%2C300italic%2Cregular%2Citalic%2C500%2C500italic%2C700%2C700italic%2C900%2C900italic|font_style:500%20bold%20regular%3A500%3Anormal&#8221;][vc_custom_heading text=&#8221;Nuestro objetivo es ayudarle a resolver las diferentes solicitudes y dudas t\u00e9cnicas acerca del proceso de matr\u00edcula para el a\u00f1o escolar 2021-2022.&#8221; font_container=&#8221;tag:p|font_size:18px|text_align:left|color:%23212c5d|line_height:21px&#8221; google_fonts=&#8221;font_family:Roboto%3A100%2C100italic%2C300%2C300italic%2Cregular%2Citalic%2C500%2C500italic%2C700%2C700italic%2C900%2C900italic|font_style:400%20regular%3A400%3Anormal&#8221;][vc_custom_heading text=&#8221;A continuaci\u00f3n podr\u00e1 escribirnos a trav\u00e9s de nuestra plataforma Fresh Desk Support de Lunes a Viernes de 7:00 [&hellip;]\" \/>\n<meta property=\"og:url\" content=\"https:\/\/rochesterapps.com\/rochestereduco\/soporte\/\" \/>\n<meta property=\"og:site_name\" content=\"Colegio Biling\u00fce Rochester | Calendario B Bogot\u00e1 - Ch\u00eda mixto\" \/>\n<meta property=\"article:modified_time\" content=\"2021-06-13T17:39:19+00:00\" \/>\n<meta name=\"twitter:card\" content=\"summary_large_image\" \/>\n<script type=\"application\/ld+json\" class=\"yoast-schema-graph\">{\"@context\":\"https:\/\/schema.org\",\"@graph\":[{\"@type\":\"Organization\",\"@id\":\"https:\/\/rochesterapps.com\/rochestereduco\/#organization\",\"name\":\"Colegio Rochester\",\"url\":\"https:\/\/rochesterapps.com\/rochestereduco\/\",\"sameAs\":[],\"logo\":{\"@type\":\"ImageObject\",\"@id\":\"https:\/\/rochesterapps.com\/rochestereduco\/#logo\",\"inLanguage\":\"es-CO\",\"url\":\"https:\/\/rochesterapps.com\/rochestereduco\/wp-content\/uploads\/2020\/04\/Logos-Rochester_espan\\u0303ol-02-2.png\",\"width\":331,\"height\":512,\"caption\":\"Colegio Rochester\"},\"image\":{\"@id\":\"https:\/\/rochesterapps.com\/rochestereduco\/#logo\"}},{\"@type\":\"WebSite\",\"@id\":\"https:\/\/rochesterapps.com\/rochestereduco\/#website\",\"url\":\"https:\/\/rochesterapps.com\/rochestereduco\/\",\"name\":\"Colegio Biling\\u00fce Rochester | Calendario B Bogot\\u00e1 - Ch\\u00eda mixto\",\"description\":\"Colegio biling\\u00fce en Bogot\\u00e1 y Ch\\u00eda calendario B, multiling\\u00fce, mixto con bases cat\\u00f3licas donde los estudiantes se desarrollan exitosamente en un ambiente escolar saludable, cort\\u00e9s y feliz. Nuestro prop\\u00f3sito es inspirar y educar estudiantes para que tomen control de sus vidas con el mundo en mente\",\"publisher\":{\"@id\":\"https:\/\/rochesterapps.com\/rochestereduco\/#organization\"},\"potentialAction\":[{\"@type\":\"SearchAction\",\"target\":\"https:\/\/rochesterapps.com\/rochestereduco\/?s={search_term_string}\",\"query-input\":\"required name=search_term_string\"}],\"inLanguage\":\"es-CO\"},{\"@type\":\"WebPage\",\"@id\":\"https:\/\/rochesterapps.com\/rochestereduco\/soporte\/#webpage\",\"url\":\"https:\/\/rochesterapps.com\/rochestereduco\/soporte\/\",\"name\":\"Soporte - Colegio Biling\\u00fce Rochester | Calendario B Bogot\\u00e1 - Ch\\u00eda mixto\",\"isPartOf\":{\"@id\":\"https:\/\/rochesterapps.com\/rochestereduco\/#website\"},\"datePublished\":\"2020-05-06T13:12:38+00:00\",\"dateModified\":\"2021-06-13T17:39:19+00:00\",\"inLanguage\":\"es-CO\",\"potentialAction\":[{\"@type\":\"ReadAction\",\"target\":[\"https:\/\/rochesterapps.com\/rochestereduco\/soporte\/\"]}]}]}<\/script>\n<!-- \/ Yoast SEO plugin. -->","_links":{"self":[{"href":"https:\/\/rochesterapps.com\/rochestereduco\/wp-json\/wp\/v2\/pages\/22264"}],"collection":[{"href":"https:\/\/rochesterapps.com\/rochestereduco\/wp-json\/wp\/v2\/pages"}],"about":[{"href":"https:\/\/rochesterapps.com\/rochestereduco\/wp-json\/wp\/v2\/types\/page"}],"author":[{"embeddable":true,"href":"https:\/\/rochesterapps.com\/rochestereduco\/wp-json\/wp\/v2\/users\/4"}],"replies":[{"embeddable":true,"href":"https:\/\/rochesterapps.com\/rochestereduco\/wp-json\/wp\/v2\/comments?post=22264"}],"version-history":[{"count":28,"href":"https:\/\/rochesterapps.com\/rochestereduco\/wp-json\/wp\/v2\/pages\/22264\/revisions"}],"predecessor-version":[{"id":27959,"href":"https:\/\/rochesterapps.com\/rochestereduco\/wp-json\/wp\/v2\/pages\/22264\/revisions\/27959"}],"wp:attachment":[{"href":"https:\/\/rochesterapps.com\/rochestereduco\/wp-json\/wp\/v2\/media?parent=22264"}],"curies":[{"name":"wp","href":"https:\/\/api.w.org\/{rel}","templated":true}]}}