{"id":19940,"date":"2020-04-08T10:15:55","date_gmt":"2020-04-08T15:15:55","guid":{"rendered":"https:\/\/rochesterapps.com\/rochestereduco?page_id=19940"},"modified":"2022-02-23T11:35:50","modified_gmt":"2022-02-23T16:35:50","slug":"preparacion-universitaria","status":"publish","type":"page","link":"https:\/\/rochesterapps.com\/rochestereduco\/preparacion-universitaria\/","title":{"rendered":"Preparaci\u00f3n Universitaria"},"content":{"rendered":"<p>[vc_row full_width=&#8221;stretch_row_content_no_spaces&#8221;][vc_column]<div class='dt-sc-image-caption type3  space-top-image-caption' data-delay='0'><div class='dt-sc-image-wrapper'><\/div><div class='dt-sc-image-content'><div class='dt-sc-image-title'><h3><\/h3><\/div><p><img loading=\"lazy\" class=\"vc_single_image-img\" src=\"https:\/\/ik.imagekit.io\/rochester59bucket\/Rochester_School\/Rochester_Web\/Preparacion_Universitaria\/bannersuperior4__gCNtneJT.png?updatedAt=1628696454076\" alt=\"colegio biling\u00fce para su excelente preparaci\u00f3n universitaria\" width=\"1920\" height=\"268\" \/><\/p><\/div><\/div>[\/vc_column][\/vc_row][vc_row][vc_column width=&#8221;1\/3&#8243;][vc_row_inner css=&#8221;.vc_custom_1586823955238{padding-top: 20px !important;}&#8221;][vc_column_inner]<div class='dt-sc-image-caption type3  space-top-image-caption' data-delay='0'><div class='dt-sc-image-wrapper'><\/div><div class='dt-sc-image-content'><div class='dt-sc-image-title'><h3><\/h3><\/div><p><img src=\"https:\/\/ik.imagekit.io\/rochester59bucket\/Rochester_School\/Rochester_Web\/Preparacion_Universitaria\/a-7_E28Og3loSF.png?updatedAt=1626990142702\" alt=\"preparaci\u00f3n universitaria en colegio biling\u00fce ch\u00eda\" \/><\/p><\/div><\/div>[vc_empty_space height=&#8221;50px&#8221;]<div class='dt-sc-image-caption   ' data-delay='0'><div class='dt-sc-image-wrapper'><\/div><div class='dt-sc-image-content'><div class='dt-sc-image-title'><h3><\/h3><\/div><p><img src=\"https:\/\/ik.imagekit.io\/rochester59bucket\/Rochester_School\/Rochester_Web\/Preparacion_Universitaria\/Logo_AP_HWIHBAv_D.png?updatedAt=1626990207348\" alt=\"Advanced Placement The College Board\" \/><\/p><\/div><\/div>[\/vc_column_inner][\/vc_row_inner][\/vc_column][vc_column width=&#8221;2\/3&#8243;][vc_custom_heading text=&#8221;Colegios biling\u00fces ch\u00eda&#8221; font_container=&#8221;tag:h1|font_size:20px|text_align:center|color:%23212c5d&#8221; google_fonts=&#8221;font_family:Roboto%3A100%2C100italic%2C300%2C300italic%2Cregular%2Citalic%2C500%2C500italic%2C700%2C700italic%2C900%2C900italic|font_style:500%20bold%20regular%3A500%3Anormal&#8221; css=&#8221;.vc_custom_1623874971319{margin-bottom: 10px !important;padding-top: 40px !important;}&#8221;][vc_custom_heading text=&#8221;En el Colegio Rochester todos nuestros estudiantes toman cursos AP (Advanced Placement) en el \u00faltimo a\u00f1o de su escolaridad. El camino toma forma con clases semestralizadas en Bachillerato Alto, de 8\u00ba a 11\u00ba, tal como sucede en la universidad, escogiendo materias a su gusto de acuerdo al GPA (promedio acad\u00e9mico). Los alumnos pueden escoger entre los enfoques Humanista o Cient\u00edfico con carga acad\u00e9mica diferenciada para fortalecer conocimientos y habilidades vinculadas al enfoque seleccionado. Estos cursos les permiten adecuarse con \u00e9xito al futuro ambiente universitario, pero adem\u00e1s obtener cr\u00e9ditos universitarios en las siguientes \u00e1reas:&#8221; font_container=&#8221;tag:p|font_size:16px|text_align:center|color:%23212c5d|line_height:18px&#8221; google_fonts=&#8221;font_family:Roboto%3A100%2C100italic%2C300%2C300italic%2Cregular%2Citalic%2C500%2C500italic%2C700%2C700italic%2C900%2C900italic|font_style:400%20regular%3A400%3Anormal&#8221; css=&#8221;.vc_custom_1623874310314{margin-top: 0px !important;margin-bottom: 0px !important;padding-top: 0px !important;padding-bottom: 0px !important;}&#8221;]<div class='dt-sc-image-caption type3  wpb_animate_when_almost_visible wpb_fadeInDown fadeInDown space-top-image-caption' data-delay='200'><div class='dt-sc-image-wrapper'><\/div><div class='dt-sc-image-content'><div class='dt-sc-image-title'><h3><\/h3><\/div><p><img src=\"https:\/\/ik.imagekit.io\/rochester59bucket\/Rochester_School\/Rochester_Web\/Preparacion_Universitaria\/iconos_prep_orgUVlNaQn.png?updatedAt=1626990298024\" alt=\"Colegios biling\u00fces ch\u00eda\" \/><\/p><\/div><\/div>[\/vc_column][\/vc_row][vc_row bg_type=&#8221;bg_color&#8221; bg_override=&#8221;ex-full&#8221; bg_color_value=&#8221;#d1d3d4&#8243;][vc_column][vc_row_inner css=&#8221;.vc_custom_1587866201365{padding-top: 40px !important;}&#8221;][vc_column_inner width=&#8221;1\/3&#8243;]<div class='dt-sc-image-caption   space-top-image-caption' data-delay='0'><div class='dt-sc-image-wrapper'><\/div><div class='dt-sc-image-content'><div class='dt-sc-image-title'><h3><\/h3><\/div><p><img src=\"https:\/\/ik.imagekit.io\/rochester59bucket\/Rochester_School\/Rochester_Web\/Preparacion_Universitaria\/Titulo_d-1_9xu0SwtGq.png?updatedAt=1626990564578\" alt=\"Advanced Placement o Colocaci\u00f3n Avanzada es un programa de Estados Unidos y Canad\u00e1 creado por el College Board\" \/><\/p><\/div><\/div>[\/vc_column_inner][vc_column_inner width=&#8221;2\/3&#8243; css=&#8221;.vc_custom_1586824626544{padding-top: 70px !important;}&#8221;][vc_custom_heading text=&#8221;\u00bfQu\u00e9 es Advanced Placement o Colocaci\u00f3n Avanzada?&#8221; font_container=&#8221;tag:p|font_size:20px|text_align:left|color:%23212c5d&#8221; google_fonts=&#8221;font_family:Roboto%3A100%2C100italic%2C300%2C300italic%2Cregular%2Citalic%2C500%2C500italic%2C700%2C700italic%2C900%2C900italic|font_style:500%20bold%20regular%3A500%3Anormal&#8221; css=&#8221;.vc_custom_1587865113334{padding-top: 40px !important;}&#8221;][vc_custom_heading text=&#8221;Es un programa de Estados Unidos y Canad\u00e1, creado por el College Board, que ofrece planes de estudios universitarios a los estudiantes de Bachillerato. Los estudiantes reciben cr\u00e9ditos de cursos de pregrado cuando toman estas clases. Universidades de todo el mundo reconocen los cursos AP como un est\u00e1ndar de excelencia acad\u00e9mica otorgando validez curricular a esos cursos y ubicaci\u00f3n para los resultados cualificados de los ex\u00e1menes AP. En su proceso de admisi\u00f3n, la mayor\u00eda de las universidades tambi\u00e9n consideran favorablemente la participaci\u00f3n en los cursos.&#8221; font_container=&#8221;tag:p|font_size:16px|text_align:justify|color:%23212c5d|line_height:18px&#8221; google_fonts=&#8221;font_family:Roboto%3A100%2C100italic%2C300%2C300italic%2Cregular%2Citalic%2C500%2C500italic%2C700%2C700italic%2C900%2C900italic|font_style:400%20regular%3A400%3Anormal&#8221;][\/vc_column_inner][\/vc_row_inner][\/vc_column][\/vc_row][vc_row][vc_column][vc_row_inner css=&#8221;.vc_custom_1587866182528{padding-top: 40px !important;}&#8221;][vc_column_inner width=&#8221;1\/3&#8243;]<div class='dt-sc-image-caption type3  space-top-image-caption' data-delay='0'><div class='dt-sc-image-wrapper'><\/div><div class='dt-sc-image-content'><div class='dt-sc-image-title'><h3><\/h3><\/div><p><img src=\"https:\/\/ik.imagekit.io\/rochester59bucket\/Rochester_School\/Rochester_Web\/Preparacion_Universitaria\/b-4_3sOdNhD0ST.png?updatedAt=1626990694261\" alt=\"AP brinda a los estudiantes la oportunidad de expandir sus oportunidades y ser biling\u00fce\" \/><\/p><\/div><\/div>[\/vc_column_inner][vc_column_inner width=&#8221;2\/3&#8243; css=&#8221;.vc_custom_1586823987485{padding-top: 50px !important;}&#8221;][vc_custom_heading text=&#8221;AP brinda a los estudiantes la oportunidad de expandir sus oportunidades. Abordar trabajo de nivel universitario, mientras a\u00fan est\u00e1n en Bachillerato, es un reto desafiante, pero a la vez una ganancia sinigual. Los estudiantes ven y sienten c\u00f3mo es en realidad el trabajo universitario. Se fijan metas m\u00e1s grandes, se prueban y se superan en un ambiente conocido, desarrollando buenos h\u00e1bitos de estudio y disfrutan de una excelente experiencia educativa profundizando en las materias que m\u00e1s les gustan.&#8221; font_container=&#8221;tag:p|font_size:18px|text_align:justify|color:%23212c5d|line_height:20px&#8221; google_fonts=&#8221;font_family:Roboto%3A100%2C100italic%2C300%2C300italic%2Cregular%2Citalic%2C500%2C500italic%2C700%2C700italic%2C900%2C900italic|font_style:400%20regular%3A400%3Anormal&#8221; css=&#8221;.vc_custom_1587866371252{padding-top: 30px !important;}&#8221;][\/vc_column_inner][\/vc_row_inner][\/vc_column][\/vc_row][vc_row bg_type=&#8221;bg_color&#8221; bg_override=&#8221;ex-full&#8221; bg_color_value=&#8221;#212c5d&#8221;][vc_column][vc_row_inner css=&#8221;.vc_custom_1586823955238{padding-top: 20px !important;}&#8221;][vc_column_inner width=&#8221;1\/3&#8243;]<div class='dt-sc-image-caption type3  space-top-image-caption' data-delay='0'><div class='dt-sc-image-wrapper'><\/div><div class='dt-sc-image-content'><div class='dt-sc-image-title'><h3><\/h3><\/div><p><img src=\"https:\/\/ik.imagekit.io\/rochester59bucket\/Rochester_School\/Rochester_Web\/Preparacion_Universitaria\/c-3_3IrFGIfXQV.png?updatedAt=1626990788044\" alt=\"Somos un Colegio biling\u00fce de Calidad Glasser donde se enfatiza en la formaci\u00f3n de liderazgo y autonom\u00eda de todos nuestros alumnos\" \/><\/p><\/div><\/div>[\/vc_column_inner][vc_column_inner width=&#8221;2\/3&#8243; css=&#8221;.vc_custom_1586824626544{padding-top: 70px !important;}&#8221;][vc_custom_heading text=&#8221;Somos un Colegio de Calidad Glasser donde se enfatiza en la formaci\u00f3n de liderazgo y autonom\u00eda de todos nuestros alumnos. Estos cursos son un facilitador actuando como experiencia en la toma de decisiones informadas y conscientes previo al paso de nuestros estudiantes por la universidad.&#8221; font_container=&#8221;tag:p|font_size:18px|text_align:justify|color:%23ffffff|line_height:20px&#8221; google_fonts=&#8221;font_family:Roboto%3A100%2C100italic%2C300%2C300italic%2Cregular%2Citalic%2C500%2C500italic%2C700%2C700italic%2C900%2C900italic|font_style:400%20regular%3A400%3Anormal&#8221; css=&#8221;.vc_custom_1586825356136{padding-right: 50px !important;padding-left: 50px !important;}&#8221;][\/vc_column_inner][\/vc_row_inner][\/vc_column][\/vc_row][vc_row][vc_column][vc_row_inner css=&#8221;.vc_custom_1586823955238{padding-top: 20px !important;}&#8221;][vc_column_inner width=&#8221;2\/3&#8243; css=&#8221;.vc_custom_1586825617156{padding-top: 110px !important;}&#8221;][vc_custom_heading text=&#8221;\u00bfQu\u00e9 otros elementos aporta el Colegio en este proceso?&#8221; font_container=&#8221;tag:p|font_size:20px|text_align:left|color:%23212c5d&#8221; google_fonts=&#8221;font_family:Roboto%3A100%2C100italic%2C300%2C300italic%2Cregular%2Citalic%2C500%2C500italic%2C700%2C700italic%2C900%2C900italic|font_style:500%20bold%20regular%3A500%3Anormal&#8221; css=&#8221;.vc_custom_1587754473777{padding-bottom: 15px !important;}&#8221;][vc_custom_heading text=&#8221;Contamos con el programa <i>\u201cProyecto de Vida\u201d<\/i> a trav\u00e9s del cual brindamos orientaci\u00f3n desde 8\u00ba grado. El objetivo es ayudar a todos los estudiantes a escoger la carrera que les permitir\u00e1 la realizaci\u00f3n de su proyecto de vida. Este es un programa de autoconocimiento y se utilizan diferentes metodolog\u00edas como talleres, pruebas psicot\u00e9cnicas, pruebas de habilidades, pruebas de intereses, entrevistas, visitas a universidades de inter\u00e9s, entre otros.&#8221; font_container=&#8221;tag:p|font_size:16px|text_align:justify|color:%23212c5d|line_height:18px&#8221; google_fonts=&#8221;font_family:Roboto%3A100%2C100italic%2C300%2C300italic%2Cregular%2Citalic%2C500%2C500italic%2C700%2C700italic%2C900%2C900italic|font_style:400%20regular%3A400%3Anormal&#8221;][\/vc_column_inner][vc_column_inner width=&#8221;1\/3&#8243; css=&#8221;.vc_custom_1586823987485{padding-top: 50px !important;}&#8221;]<div class='dt-sc-image-caption type3  space-top-image-caption' data-delay='0'><div class='dt-sc-image-wrapper'><\/div><div class='dt-sc-image-content'><div class='dt-sc-image-title'><h3><\/h3><\/div><p><img src=\"https:\/\/ik.imagekit.io\/rochester59bucket\/Rochester_School\/Rochester_Web\/Preparacion_Universitaria\/Titulo_f-compressor_UOUNoqgzQ.png?updatedAt=1626990918600\" alt=\"En Rochester los estudiantes a escoger la carrera que les permitir\u00e1 la realizaci\u00f3n de su proyecto de vida\" \/><\/p><\/div><\/div>[\/vc_column_inner][\/vc_row_inner][\/vc_column][\/vc_row][vc_row bg_type=&#8221;bg_color&#8221; bg_override=&#8221;ex-full&#8221; bg_color_value=&#8221;#d1d3d4&#8243;][vc_column][vc_row_inner css=&#8221;.vc_custom_1586823955238{padding-top: 20px !important;}&#8221;][vc_column_inner width=&#8221;1\/3&#8243;]<div class='dt-sc-image-caption type3  space-top-image-caption' data-delay='0'><div class='dt-sc-image-wrapper'><\/div><div class='dt-sc-image-content'><div class='dt-sc-image-title'><h3><\/h3><\/div><p><img src=\"https:\/\/ik.imagekit.io\/rochester59bucket\/Rochester_School\/Rochester_Web\/Preparacion_Universitaria\/d-3_O-nynmNlTs.png?updatedAt=1626991128423\" alt=\"Entre los tipos de ex\u00e1menes se encuentran el TOEFL iBT, el DELF, el Celpi-Bras y Pruebas Saber\" \/><\/p><\/div><\/div>[\/vc_column_inner][vc_column_inner width=&#8221;2\/3&#8243; css=&#8221;.vc_custom_1586825700303{padding-top: 100px !important;}&#8221;][vc_custom_heading text=&#8221;En 10\u00ba y 11\u00ba grado los estudiantes presentan diferentes ex\u00e1menes estandarizados como requisitos de grado. Entre estos ex\u00e1menes se encuentran el TOEFL iBT, el DELF, el Celpi-Bras (estos dos para certificar su nivel en el tercer idioma, ya sea franc\u00e9s o portugu\u00e9s) y Prueba Saber. Si lo desean los alumnos tienen adem\u00e1s la opci\u00f3n de presentar SAT, P-SAT y los ex\u00e1menes AP.&#8221; font_container=&#8221;tag:p|font_size:18px|text_align:justify|color:%23212c5d|line_height:20px&#8221; google_fonts=&#8221;font_family:Roboto%3A100%2C100italic%2C300%2C300italic%2Cregular%2Citalic%2C500%2C500italic%2C700%2C700italic%2C900%2C900italic|font_style:400%20regular%3A400%3Anormal&#8221;][\/vc_column_inner][\/vc_row_inner][\/vc_column][\/vc_row][vc_row bg_type=&#8221;image&#8221; parallax_style=&#8221;vcpb-default&#8221; bg_image_new=&#8221;id^21479|url^https:\/\/rochesterapps.com\/rochestereduco\/wp-content\/uploads\/2020\/04\/footer45.png|caption^null|alt^null|title^footer45|description^null&#8221; bg_override=&#8221;ex-full&#8221;][vc_column][vc_row_inner css=&#8221;.vc_custom_1587678670656{padding-top: 100px !important;padding-bottom: 180px !important;}&#8221;][vc_column_inner width=&#8221;1\/4&#8243;][vc_custom_heading text=&#8221;Ubicaci\u00f3n<br \/>\nA la altura Peaje Autonorte<br \/>\nVereda Fusca<br \/>\nCh\u00eda, Cundinamarca<br \/>\nColombia 250008&#8243; font_container=&#8221;tag:p|font_size:16px|text_align:left|color:%23000000|line_height:1.2&#8243; google_fonts=&#8221;font_family:Roboto%3A100%2C100italic%2C300%2C300italic%2Cregular%2Citalic%2C500%2C500italic%2C700%2C700italic%2C900%2C900italic|font_style:500%20bold%20regular%3A500%3Anormal&#8221;][\/vc_column_inner][vc_column_inner width=&#8221;1\/4&#8243;][vc_custom_heading text=&#8221;Cont\u00e1ctanos<br \/>\nadmisiones@rochesterapps.com\/rochestereduco<br \/>\nPBX: 749-6000 Ext. 2222 \u00f3 2200<br \/>\nCel: +57 (321)3714394&#8243; font_container=&#8221;tag:p|font_size:16px|text_align:left|color:%23000000|line_height:1.2&#8243; google_fonts=&#8221;font_family:Roboto%3A100%2C100italic%2C300%2C300italic%2Cregular%2Citalic%2C500%2C500italic%2C700%2C700italic%2C900%2C900italic|font_style:500%20bold%20regular%3A500%3Anormal&#8221;][\/vc_column_inner][vc_column_inner width=&#8221;1\/4&#8243;][\/vc_column_inner][vc_column_inner width=&#8221;1\/4&#8243;][vc_custom_heading text=&#8221;POL\u00cdTICAS ROCHESTER&#8221; font_container=&#8221;tag:p|font_size:15px|text_align:center|color:%23000000|line_height:20px&#8221; google_fonts=&#8221;font_family:Roboto%3A100%2C100italic%2C300%2C300italic%2Cregular%2Citalic%2C500%2C500italic%2C700%2C700italic%2C900%2C900italic|font_style:500%20bold%20regular%3A500%3Anormal&#8221; link=&#8221;url:https%3A%2F%2Frochesterapps.com\/rochestereduco%2Fpoliticas%2F|title:Pol%C3%ADticas%20Rochester|target:%20_blank|&#8221;]<div id=\"1590172847119-49ea5e5a-e9c2\" class=\"dt-sc-empty-space\"><\/div>[\/vc_column_inner][\/vc_row_inner][\/vc_column][\/vc_row]<\/p>\n","protected":false},"excerpt":{"rendered":"<p>[vc_row full_width=&#8221;stretch_row_content_no_spaces&#8221;][vc_column][\/vc_column][\/vc_row][vc_row][vc_column width=&#8221;1\/3&#8243;][vc_row_inner css=&#8221;.vc_custom_1586823955238{padding-top: 20px !important;}&#8221;][vc_column_inner][vc_empty_space height=&#8221;50px&#8221;][\/vc_column_inner][\/vc_row_inner][\/vc_column][vc_column width=&#8221;2\/3&#8243;][vc_custom_heading text=&#8221;Colegios biling\u00fces ch\u00eda&#8221; font_container=&#8221;tag:h1|font_size:20px|text_align:center|color:%23212c5d&#8221; google_fonts=&#8221;font_family:Roboto%3A100%2C100italic%2C300%2C300italic%2Cregular%2Citalic%2C500%2C500italic%2C700%2C700italic%2C900%2C900italic|font_style:500%20bold%20regular%3A500%3Anormal&#8221; css=&#8221;.vc_custom_1623874971319{margin-bottom: 10px !important;padding-top: 40px !important;}&#8221;][vc_custom_heading text=&#8221;En el Colegio Rochester todos nuestros estudiantes toman cursos AP (Advanced Placement) en el \u00faltimo a\u00f1o de su escolaridad. El camino toma forma con clases semestralizadas en Bachillerato Alto, de 8\u00ba a 11\u00ba, tal como sucede en [&hellip;]<\/p>\n","protected":false},"author":1,"featured_media":0,"parent":0,"menu_order":0,"comment_status":"closed","ping_status":"closed","template":"","meta":[],"yoast_head":"<!-- This site is optimized with the Yoast SEO plugin v14.9 - https:\/\/yoast.com\/wordpress\/plugins\/seo\/ -->\n<title>Colegios biling\u00fces ch\u00eda, Calendario B | Colegios campestres<\/title>\n<meta name=\"description\" content=\"Colegios biling\u00fces ch\u00eda, El Rochester se encuentra ubicado en la zona sub-rural del municipio Ch\u00eda. Somos un Colegio Biling\u00fce y calendario B.\" \/>\n<meta name=\"robots\" content=\"noindex, follow, max-snippet:-1, max-image-preview:large, max-video-preview:-1\" \/>\n<meta property=\"og:locale\" content=\"es_ES\" \/>\n<meta property=\"og:type\" content=\"article\" \/>\n<meta property=\"og:title\" content=\"Colegios biling\u00fces ch\u00eda, Calendario B | Colegios campestres\" \/>\n<meta property=\"og:description\" content=\"Colegios biling\u00fces ch\u00eda, El Rochester se encuentra ubicado en la zona sub-rural del municipio Ch\u00eda. Somos un Colegio Biling\u00fce y calendario B.\" \/>\n<meta property=\"og:url\" content=\"https:\/\/rochesterapps.com\/rochestereduco\/preparacion-universitaria\/\" \/>\n<meta property=\"og:site_name\" content=\"Colegio Biling\u00fce Rochester | Calendario B Bogot\u00e1 - Ch\u00eda mixto\" \/>\n<meta property=\"article:modified_time\" content=\"2022-02-23T16:35:50+00:00\" \/>\n<meta property=\"og:image\" content=\"https:\/\/ik.imagekit.io\/rochester59bucket\/Rochester_School\/Rochester_Web\/Preparacion_Universitaria\/bannersuperior4__gCNtneJT.png?updatedAt=1628696454076\" \/>\n<meta name=\"twitter:card\" content=\"summary_large_image\" \/>\n<script type=\"application\/ld+json\" class=\"yoast-schema-graph\">{\"@context\":\"https:\/\/schema.org\",\"@graph\":[{\"@type\":\"Organization\",\"@id\":\"https:\/\/rochesterapps.com\/rochestereduco\/#organization\",\"name\":\"Colegio Rochester\",\"url\":\"https:\/\/rochesterapps.com\/rochestereduco\/\",\"sameAs\":[],\"logo\":{\"@type\":\"ImageObject\",\"@id\":\"https:\/\/rochesterapps.com\/rochestereduco\/#logo\",\"inLanguage\":\"es-CO\",\"url\":\"https:\/\/rochesterapps.com\/rochestereduco\/wp-content\/uploads\/2020\/04\/Logos-Rochester_espan\\u0303ol-02-2.png\",\"width\":331,\"height\":512,\"caption\":\"Colegio Rochester\"},\"image\":{\"@id\":\"https:\/\/rochesterapps.com\/rochestereduco\/#logo\"}},{\"@type\":\"WebSite\",\"@id\":\"https:\/\/rochesterapps.com\/rochestereduco\/#website\",\"url\":\"https:\/\/rochesterapps.com\/rochestereduco\/\",\"name\":\"Colegio Biling\\u00fce Rochester | Calendario B Bogot\\u00e1 - Ch\\u00eda mixto\",\"description\":\"Colegio biling\\u00fce en Bogot\\u00e1 y Ch\\u00eda calendario B, multiling\\u00fce, mixto con bases cat\\u00f3licas donde los estudiantes se desarrollan exitosamente en un ambiente escolar saludable, cort\\u00e9s y feliz. Nuestro prop\\u00f3sito es inspirar y educar estudiantes para que tomen control de sus vidas con el mundo en mente\",\"publisher\":{\"@id\":\"https:\/\/rochesterapps.com\/rochestereduco\/#organization\"},\"potentialAction\":[{\"@type\":\"SearchAction\",\"target\":\"https:\/\/rochesterapps.com\/rochestereduco\/?s={search_term_string}\",\"query-input\":\"required name=search_term_string\"}],\"inLanguage\":\"es-CO\"},{\"@type\":\"ImageObject\",\"@id\":\"https:\/\/rochesterapps.com\/rochestereduco\/preparacion-universitaria\/#primaryimage\",\"inLanguage\":\"es-CO\",\"url\":\"https:\/\/ik.imagekit.io\/rochester59bucket\/Rochester_School\/Rochester_Web\/Preparacion_Universitaria\/bannersuperior4__gCNtneJT.png?updatedAt=1628696454076\"},{\"@type\":\"WebPage\",\"@id\":\"https:\/\/rochesterapps.com\/rochestereduco\/preparacion-universitaria\/#webpage\",\"url\":\"https:\/\/rochesterapps.com\/rochestereduco\/preparacion-universitaria\/\",\"name\":\"Colegios biling\\u00fces ch\\u00eda, Calendario B | Colegios campestres\",\"isPartOf\":{\"@id\":\"https:\/\/rochesterapps.com\/rochestereduco\/#website\"},\"primaryImageOfPage\":{\"@id\":\"https:\/\/rochesterapps.com\/rochestereduco\/preparacion-universitaria\/#primaryimage\"},\"datePublished\":\"2020-04-08T15:15:55+00:00\",\"dateModified\":\"2022-02-23T16:35:50+00:00\",\"description\":\"Colegios biling\\u00fces ch\\u00eda, El Rochester se encuentra ubicado en la zona sub-rural del municipio Ch\\u00eda. Somos un Colegio Biling\\u00fce y calendario B.\",\"inLanguage\":\"es-CO\",\"potentialAction\":[{\"@type\":\"ReadAction\",\"target\":[\"https:\/\/rochesterapps.com\/rochestereduco\/preparacion-universitaria\/\"]}]}]}<\/script>\n<!-- \/ Yoast SEO plugin. -->","_links":{"self":[{"href":"https:\/\/rochesterapps.com\/rochestereduco\/wp-json\/wp\/v2\/pages\/19940"}],"collection":[{"href":"https:\/\/rochesterapps.com\/rochestereduco\/wp-json\/wp\/v2\/pages"}],"about":[{"href":"https:\/\/rochesterapps.com\/rochestereduco\/wp-json\/wp\/v2\/types\/page"}],"author":[{"embeddable":true,"href":"https:\/\/rochesterapps.com\/rochestereduco\/wp-json\/wp\/v2\/users\/1"}],"replies":[{"embeddable":true,"href":"https:\/\/rochesterapps.com\/rochestereduco\/wp-json\/wp\/v2\/comments?post=19940"}],"version-history":[{"count":57,"href":"https:\/\/rochesterapps.com\/rochestereduco\/wp-json\/wp\/v2\/pages\/19940\/revisions"}],"predecessor-version":[{"id":27195,"href":"https:\/\/rochesterapps.com\/rochestereduco\/wp-json\/wp\/v2\/pages\/19940\/revisions\/27195"}],"wp:attachment":[{"href":"https:\/\/rochesterapps.com\/rochestereduco\/wp-json\/wp\/v2\/media?parent=19940"}],"curies":[{"name":"wp","href":"https:\/\/api.w.org\/{rel}","templated":true}]}}